+ 2*t - 31. List the prime factors of 62/(44/h - 3).
3, 31
Let d(q) = -q - 2. Let x = 15 - 19. Let o be d(x). Suppose 3*r = -2*h + 8, 0 = -0*h + h + o. What are the prime factors of r?
2
Let l be 4/(-14) + (-16)/(-56). Let i(b) = -b**3 - b**2 - b + 80. List the prime factors of i(l).
2, 5
Let y = 106 + -104. Suppose 4*z - 417 = -f, 3*z - 6*f - 289 = -y*f. List the prime factors of z.
103
Let s = 774 - 342. What are the prime factors of s?
2, 3
Suppose 5*y - x - 13245 = 0, 0 = -3*y - x + 1265 + 6674. List the prime factors of y.
2, 331
Suppose -5*a - 19657 = -4*c, -14719 = -3*c - a - 0*a. What are the prime factors of c?
2, 3, 409
Let m(l) = 35*l - 35. Let v(n) = -7*n + 7. Let u(g) = -3*m(g) - 14*v(g). What are the prime factors of u(-5)?
2, 3, 7
Suppose 4*z - 197*i = -202*i + 8351, 4*z = 4*i + 8324. What are the prime factors of z?
2, 521
Let s be (7 + -1)*(-44)/(-8). Let g = s + -17. What are the prime factors of (-4 + 4 - g)*-2?
2
Let q(d) be the third derivative of d**6/120 + 7*d**5/60 + d**4/8 - d**3/2 - 4*d**2. Let w be q(-7). Let p = w - -56. List the prime factors of p.
2
Let y(h) = -h**2 - 16*h + 62. Let a be y(-20). What are the prime factors of 1620/a*5/(-2)?
3, 5
Let c(d) = -11*d**3 - 3*d**2 + 8*d - 11. What are the prime factors of c(-6)?
47
Suppose -2*a - 5*f + 519 = 2*a, 3*a = 3*f + 369. Suppose -2*u = -3*x + 26 + 65, 4*x - 5*u - a = 0. List the prime factors of x.
29
Let t(d) = -100*d + 38. List the prime factors of t(-6).
2, 11, 29
Let s = -31 - -137. What are the prime factors of s?
2, 53
Let u be -149*((-3 - 1) + 5 + -2). What are the prime factors of (-3 + 2 + -1)*u/(-2)?
149
Suppose -10*b - 461 = -11*b. List the prime factors of b.
461
Let d = -39 - -23. What are the prime factors of (d + 14)*1/2 - -130?
3, 43
Suppose -22323 = -5*i - 8358. List the prime factors of i.
3, 7, 19
Suppose -23*z - 11*z + 64702 = 0. What are the prime factors of z?
11, 173
Let o be 8/12*147/2. Let z = o + 53. What are the prime factors of z?
2, 3, 17
Let b be 24/4*3*(-2)/4. List the prime factors of b/6 + 69/2.
3, 11
Let l = -26 + 12. Let b be ((-22)/(-4))/(7/l). Let k = 11 - b. What are the prime factors of k?
2, 11
Let m(r) = 10*r - 28. Let v be m(19). Suppose -3*s = -4*h + 304 - 83, 0 = 3*h - 3*s - v. List the prime factors of h.
59
List the prime factors of (-8 + 132/18)*1158/(-4).
193
Let b = 30993 - 5361. List the prime factors of b/162 - 2/9.
2, 79
Suppose 4*n - n = 0. Suppose -3*z + 25 + 194 = n. What are the prime factors of z?
73
Suppose -q - 8 = 5*y, 2*y - 2 = -3*q - 0*q. Suppose q*z - 8 - 28 = 0. List the prime factors of z.
2, 3
Let a be (9 - 0)/(18/24). Let m = a - 10. Suppose -m*q = u + 4*u - 364, q - 218 = -3*u. List the prime factors of u.
2, 3
Let b(n) be the second derivative of n**4/12 - 3*n**2 - n. Let a be 4/(-6) + 200/(-60). List the prime factors of b(a).
2, 5
Suppose -10*j = -j - 3762. Suppose -836 = -4*s - 4*d, -4*d = -0*s - 2*s + j. List the prime factors of s.
11, 19
Let r be (5 - 2)*(-1)/3. Let u(c) = -12*c + 2. Let y(v) = 25*v - 5. Let i(w) = 5*u(w) + 2*y(w). List the prime factors of i(r).
2, 5
List the prime factors of 2 - (-2159)/3 - (-32)/96.
2, 19
Suppose 3*b = 4*y - 14891, -2*y + 5*b + 849 = -6614. List the prime factors of y.
3719
Suppose g = 4*j + 48, -j = 5*g - 2*j - 297. Suppose -g = 5*k + 80. Let r = -21 - k. What are the prime factors of r?
7
Suppose -142*v = -131*v - 3113. List the prime factors of v.
283
Let w(q) = 3*q - 10. Let y(n) = 35*n**2 - 1. Let f be y(1). Let z = -24 + f. What are the prime factors of w(z)?
2, 5
Suppose -5*k + 5*a + 6485 = 0, -4*k = -0*k + a - 5213. What are the prime factors of k?
2, 3, 7, 31
Suppose 5*c = 5*q - 3*q + 7, -4*q - 2*c = -22. Suppose 0 = 2*x + q*z - 262, -3*z + 504 = 4*x + z. What are the prime factors of x?
11
Let v be (1 - -2) + 3/3. Let u be 5/25 + (-9)/(-5) + -2. Suppose -128 = -v*x - u*x. List the prime factors of x.
2
Let f = -40 - -88. Let l = f + 14. What are the prime factors of l?
2, 31
Let r be 7 + -1 + -13 + 10. Let l = r - 5. List the prime factors of ((-7)/l)/((-2)/(-28)).
7
Let w be 4*(-2)/(-8) - 1. Suppose w*h + 4*m - 7 = h, -4*m + 2 = -2*h. Suppose h*x - x = 84. What are the prime factors of x?
3, 7
Suppose 4*f - 8 + 22 = 5*s, 2*f = 5*s - 12. Suppose 0 = h + t - s*t - 67, -4*h - t + 268 = 0. List the prime factors of h.
67
Let r = 4737 - 872. What are the prime factors of r?
5, 773
Let q be (-1491)/6 - (-2)/8*-2. Let t = q + 367. List the prime factors of t.
2, 59
Let v(u) = -1914*u + 80. What are the prime factors of v(-1)?
2, 997
Suppose 0 = h - 9*h + 768. Suppose 0 = -4*y + h. List the prime factors of y.
2, 3
Let z be 618/9 - 2/(-6). Suppose b + z = -0*b. What are the prime factors of b*(3 + 33/(-9))?
2, 23
Suppose -5*z + 3*z - 10 = 0. Let x(l) = l**3 - l + 1. Let h(r) = 3*r**3 - 3*r**2 - 3*r + 11. Let c(i) = h(i) - 4*x(i). What are the prime factors of c(z)?
2, 13
Let f be (-42)/(-54) + (-2)/(-9). Let z be 22/4 - f/(-2). Let l = z + -2. What are the prime factors of l?
2
Let z(x) be the second derivative of -x**4/24 - x**3/6 - 5*x**2/2 + 3*x. Let q(v) be the first derivative of z(v). What are the prime factors of q(-5)?
2
Let q(p) = 2*p. Let f be q(-5). Let v be 5*f*24/(-20). Suppose 558 = 6*d + v. List the prime factors of d.
83
Suppose -m - 5 = 31. List the prime factors of (m/8)/((-1)/2).
3
Suppose 3*u + 12 = -2*b, 5*u + 5*b + 33 = 6*b. Suppose -12*j - 4*g = -11*j - 32, j - 31 = -5*g. Let o = u + j. What are the prime factors of o?
2, 3, 5
Let w(g) = 334*g**2 - 4*g + 4. What are the prime factors of w(1)?
2, 167
Suppose 2*b + 9*h = 4*h + 7865, 0 = -b + 4*h + 3952. List the prime factors of b.
2, 5, 197
Suppose -5*d = -4*u - 5686, 15*d - 10*d - u = 5689. What are the prime factors of d?
2, 569
Suppose 5*r - 44 = v, -3*r = 2*v - 0 - 29. Let j = r + 26. List the prime factors of j.
5, 7
Suppose 2*j + 2 = 0, 2*q + 2*j = -806 + 2954. What are the prime factors of q?
5, 43
Suppose -2*p + 5*p - 12 = 0. Let w(r) = 18*r - 16. What are the prime factors of w(p)?
2, 7
List the prime factors of ((-22)/(-6))/(21/13860).
2, 5, 11
Let w be 15/(-10)*1 - 3/(-2). Suppose w*z = -5*z + 415. What are the prime factors of z?
83
Suppose -7*v - 1433 + 4310 = 0. List the prime factors of v.
3, 137
Let j = 4670 + -2488. List the prime factors of j.
2, 1091
Let n(a) = 26*a**2 - a + 1. Let j be n(1). Suppose 0 = -2*x - 2*m - j, -x + m - 6 = -1. Let o = x + 14. List the prime factors of o.
5
Suppose -8*p + 10*p = 152. Suppose -w + 2*i = -55, 2*w + 0*i + 5*i - 92 = 0. Let s = p - w. List the prime factors of s.
5
Let n = 14 + 112. Let o = n - 60. List the prime factors of o.
2, 3, 11
List the prime factors of -3 - -2 - 3152/(-8).
3, 131
Let m = 74 - 84. What are the prime factors of (m*(-27)/(-12))/((-1)/2)?
3, 5
Let z(l) be the first derivative of -l**4/4 - l**2/2 + 15*l - 16. Suppose 2*u = 7*u. List the prime factors of z(u).
3, 5
Let i(z) = 82*z**2 - 11*z + 27. What are the prime factors of i(3)?
2, 3, 61
Let x = 13 + -17. Let m be x + 2 - -1*7. Suppose -155 = -m*z + 5*k, -z + 3*k - 15 = -2*z. List the prime factors of z.
3
Suppose 14*i = 3*i. Suppose -10*z + 4*z + 180 = i. List the prime factors of z.
2, 3, 5
List the prime factors of -2179*(-5 - 1*(-7 + 3)).
2179
Let q(x) = 3*x**2 + 2*x - 1. Let i be q(-3). Let l be (-2)/(-5) - (-112)/i. Let t(f) = -f**3 + 6*f**2 + f - 3. List the prime factors of t(l).
3
Let b be 5 + 4/(-8)*4. Let l = -16 - -18. Suppose -b*j + l + 61 = 0. What are the prime factors of j?
3, 7
Let m be (6/3 + -3)*-2. Let a(x) = 9*x - 8 + 7 + m*x. What are the prime factors of a(2)?
3, 7
What are the prime factors of (-1534)/(-7) - (-390)/455?
2, 5, 11
List the prime factors of (0 + 1 - -28) + -5 + 2.
2, 13
Suppose 3948 = 2*r - 60. What are the prime factors of r?
2, 3, 167
Suppose -4*n = f - 43, n - f - 8 = -4*f. Suppose n*l = l + 2880. List the prime factors of l.
2, 3
Let t(k) = -k**3 - 13*k**2 - 26*k + 4. Let a be -2 + 15/24*-2*8. What are the prime factors of t(a)?
2, 43
List the prime factors of (4 + -21)/((12/260)/(-3)).
5, 13, 17
Let a = -6 - -6. Suppose a = 2*k - k + d - 1, 4*k = -d + 13. Suppose -x - k*x = -170. List the prime factors of x.
2, 17
Suppose -2*a - 2*a - 4*m + 3152 = 0, 7*m = 14. What are the prime factors of a?
2, 3, 131